= -5*m + m. Let n be (4 + -5)*(m - -1). Let p(c) = 6*c - 1 + c - 2*c + 8*c - 2*c. Determine p(n).
-12
Let n(s) = s**3 + 2*s**2 - s. Let g(w) = 2*w - 5. Let i be g(2). Let t(q) = 5*q**3 + 10*q**2 - 3*q + 1. Let l(m) = i*t(m) + 6*n(m). Determine l(-2).
5
Let n(a) be the third derivative of -1/60*a**5 + 0 + 0*a - 1/3*a**3 - 128*a**2 + 5/24*a**4. Give n(3).
4
Let b(y) = 2 - 8*y - 10 + 0*y + 6 + 6*y + 2*y**2. Determine b(-1).
2
Let p(a) be the first derivative of a**7/840 - a**6/60 + a**5/30 + a**4/6 - a**3/3 + 45*a - 106. Let s(h) be the third derivative of p(h). Calculate s(6).
28
Let g(a) = a**2 + 3*a - 2. Let n be ((-1 + 8)/7)/(1/55). Let j = 55 - n. Suppose j = -s - 4*i - 23, i - 35 = 5*s + 5*i. Determine g(s).
-2
Let t(u) be the second derivative of -5/6*u**3 + 0*u**2 + 18*u + 1 + 1/12*u**4. Give t(4).
-4
Let q(j) = -5*j**2 + 4*j**2 - 5*j - 6 + 6 - 4 + 0*j. Let l be 2/(-12)*-4*-6. What is q(l)?
0
Let k(i) = 1 + 5 + 3*i**2 + 1 - 4 + 43*i + 9*i. Determine k(-17).
-14
Let v(d) be the first derivative of d**4/4 - 5*d**3/3 - 17*d**2 - 11*d - 23. Let n be v(9). Let y(s) = -s**2 + 9*s - 5. Calculate y(n).
9
Let x(q) be the first derivative of -q**3/3 + 3*q**2 - 2*q + 705. Give x(4).
6
Suppose -5*b = 2*t - 18, -2*b - 12 = -2*t - 4*b. Suppose -5*x + 5*w + 4 = 9, -2*w = -x - 5. Let i(v) = -4*v - 5 - v**x + v**2 - v**2 + 6*v**2. Give i(t).
11
Let h(q) = q**2 + 6*q - 11. Let b be -12*1/(-9)*(-45)/(-30). Calculate h(b).
5
Suppose -j - 15 = -4*s, s - 2 + 22 = 5*j. Let c(r) = r**3 - 2*r**2 - 19*r + 8. Calculate c(j).
-12
Let v(z) = z**2 + 3*z. Let j(o) be the first derivative of o**2/2 + o + 3. Let h(l) = -j(l) - v(l). Suppose -3 = i + 2, -3*u + 3*i + 6 = 0. Calculate h(u).
2
Let c(x) be the first derivative of -x**4/4 + 2*x**3 - 2*x**2 + 9*x - 2. Let l(b) = 262*b - 10736. Let g be l(41). Determine c(g).
-15
Let h(m) = 5*m**3 - 10*m**2 - 27*m - 25. Let b(q) = -6*q**3 + 10*q**2 + 28*q + 28. Let u(n) = -6*b(n) - 7*h(n). Determine u(-7).
7
Let d(k) = -k**3 + 3*k**2 - 2*k + 8. Let t(f) = -f**3 + 3*f**2 - 2*f + 7. Let o(w) = 5*d(w) - 6*t(w). Suppose 0 = -p - 33 + 37. Calculate o(p).
22
Let c(s) be the third derivative of -1/120*s**6 - 2 - 1/12*s**4 + 0*s - 1/10*s**5 + 2/3*s**3 + 6*s**2. Calculate c(-6).
16
Suppose 4*u + 3*a = 21, -6 + 3 = 3*u - 4*a. Let f(w) = w**3 - 5*w**2 + 7*w - 1. Determine f(u).
2
Let r(b) = 28*b - 671. Let p be r(24). Let y(u) = -21*u**3 + u**2. Determine y(p).
-20
Let c(t) = t**3 + 15*t**2 + 35*t - 50. Let h be c(-5). Let g(b) = b**3 - 23*b**2 - 48*b + 26. Calculate g(h).
76
Let m(j) be the third derivative of j**6/120 + j**5/10 - 2*j**4/3 - j**3 - 3*j**2 + 83. What is m(-8)?
-6
Let m be (1 + 3)/((-1)/12*-6). Let h(w) = 7 + 228*w - 239*w + 7*w**3 + m*w**2 - 6*w**3. What is h(-9)?
25
Let d = 93 + -91. Let j(m) = -m**3 - m**2 - m**3 + 0*m**d. Determine j(1).
-3
Let b be -3 + (2 - (1 - 1)). Let y(q) be the third derivative of 1/12*q**4 - 42*q**2 + 1/6*q**3 + 0 + 11/120*q**6 + 0*q**5 + 0*q. Determine y(b).
-12
Let k(d) = -d**2 + 2171*d - 6502. Let s be k(3). Let x(f) = 3*f**3 - 6*f**2 + 2*f + 6. Determine x(s).
10
Let o be (5/10 + 21/126)/((-4)/18). Let l(f) = 17*f + 28. Give l(o).
-23
Let k(o) = -18*o**3 + 39*o**2 - 20*o - 9. Let m(d) = 62*d**3 - 137*d**2 + 70*d + 32. Let a(r) = 17*k(r) + 5*m(r). Calculate a(5).
7
Let a be (-1 - 1/(-2)) + 96/64. Let b(g) = 1. Let o(y) = y**3 + 7*y**2 + 5*y. Let c(h) = a*o(h) + 5*b(h). What is c(-6)?
11
Let p(h) = -h**3 + 19*h**2 + 21*h - 29. Let w = -8736 - -8756. Calculate p(w).
-9
Let d(l) = -l**2 - 2*l - 7. Suppose 0 = -2*q - 3*a + 206, -3*q - 3*a + 109 = -194. Suppose -p + 92 = q. Determine d(p).
-22
Let s(z) = 2*z - 9. Let f be (70/8)/(-1) + 3/(-12). Let l be (56/9 - 6) + (-7)/f. Let b be 9*(2/(l + 1) + 0). Give s(b).
9
Let r(i) = i**2 - 4*i + 10. Let x be ((-44)/55)/((-5)/((-375)/(-10))). Let w(q) = -q**2 + 5*q + 9. Let d be w(x). Give r(d).
7
Let u = -6542 + 6542. Let t(j) be the first derivative of -7/2*j**2 - 5 - 1/4*j**4 + u*j + 8/3*j**3. Determine t(7).
0
Let j(w) = w**2 - 4*w + 8. Let b be (10/3)/(1480/2664). Determine j(b).
20
Let i be -26*((-1)/(-8) - (-10)/(-16)). Suppose -121 = 24*a - i*a. Let v(h) = -h**3 - 11*h**2 + h + 7. Give v(a).
-4
Let k(f) = f**3 + 11*f**2 + 15*f - 14. Let t = 25830 - 25839. Give k(t).
13
Let s(y) = -5*y**2 + 19*y + 6. Let m be (1219/(-46) - -20)*24/(-26). What is s(m)?
-60
Let c(k) be the third derivative of k**6/15 - k**5/30 + k**4/8 + k**3 - 3866*k**2. Give c(-2).
-72
Let c(n) be the first derivative of -n**5/60 + n**4/4 - 5*n**3/6 - 141*n**2 - 70. Let g(j) be the second derivative of c(j). Determine g(3).
4
Let z(m) = 2*m**2 - 19*m + 30. Suppose g - 21*c + 22*c - 4 = 0, 4*g - 36 = c. Let i be z(g). Let k(w) = -w**2 + 8*w - 2. What is k(i)?
10
Let t(a) be the second derivative of a**3/2 - a**2 - 3*a - 7. Let j(p) = -3*p + 3. Let b(s) = 6*j(s) + 5*t(s). Give b(6).
-10
Let p be (2/(-10))/(3/(-30)). Suppose -p*k - 3*k + 110 = 0. Suppose -23*v = -k*v + 8. Let u(x) = -2*x - 11. Determine u(v).
5
Suppose 3*o + 4*z - 2 = 0, -6*o + 5*z = -o - 50. Let x(c) = 8 + 101*c**3 + 5*c + 4*c**2 + 98*c**3 - 200*c**3. Determine x(o).
-34
Let s(g) be the third derivative of g**6/60 - 3*g**5/20 - 13*g**4/8 - 5*g**3/6 + 8441*g**2. Give s(-3).
-23
Let h(z) = -2437 - 2434 + 4873 - z**2. Determine h(-3).
-7
Let w(n) = 4*n + 3. Let l(s) = 31*s - 88. Let t be l(3). Give w(t).
23
Let q(n) = -n**3 - 22*n**2 - 25*n - 63. Let s be q(-21). Let b(u) = 14*u - 294. Let i be b(s). Let z(v) = v - 8. Give z(i).
-8
Let b(x) = 2*x**3 - 8*x**2 + 4*x - 1. Let l(m) = -m**2 - 63*m - 569. Let z be l(-11). Determine b(z).
-7
Let b be (-20)/6*(3 - (-63)/(-14)). Suppose b*g = -2*g + 35. Let x(h) = -h**3 + 5*h**2 - 3. Calculate x(g).
-3
Suppose 0 = -9*c + 24*c - 16*c - 1. Let a(m) = -m - 4. What is a(c)?
-3
Let i(s) be the first derivative of -s**2/2 - 6*s + 171763. Let d(u) = -9*u**3 + u. Let z be d(-1). Calculate i(z).
-14
Let r(z) = -z**3 - 5*z**2 + 7. Let n(i) = i**2 + 39. Let w be n(13). Let j = -213 + w. Calculate r(j).
7
Suppose -20 = 12*l + 4. Let h be ((6 + -6)/(-2 + 0))/l. Let s(d) = h*d + 2*d - 8*d - 5*d. Determine s(-2).
22
Let k(l) = -l**3 - 17*l**2 + 12*l + 117. Let b(o) = 3*o**3 + 50*o**2 - 30*o - 352. Let a(v) = 4*b(v) + 11*k(v). Calculate a(-11).
-11
Let v(g) be the second derivative of 17*g**3/6 + 47*g**2/2 - 3*g + 799. Give v(-5).
-38
Let i(y) = 8*y - 2. Suppose 38*w + 83 = 5*h + 42*w, -w + 54 = 3*h. Suppose -5 - 33 = h*s. Give i(s).
-18
Suppose -30 + 35 = i. Let l(b) = -3*b + 10. Let g(c) = 2. Let o(j) = 3*g(j) + l(j). Determine o(i).
1
Let n(j) = -j**3 + j**2 - 2*j - 15. Let y be n(0). Let s = y - -18. Let v(u) = -6*u + 6 - u**3 - 8 + 0*u**s + 6*u**2. Calculate v(5).
-7
Let a = -626 + 624. Let x(i) = 6*i**3 + 20*i**2 + 21*i - 21. Let j(q) = q**3 + 4*q**2 + 4*q - 4. Let o(n) = a*x(n) + 11*j(n). Determine o(-2).
18
Let g(u) be the second derivative of -u**4/12 + 11*u**3/6 - 17*u**2 - 104*u - 17. What is g(7)?
-6
Let t(m) = m. Let h be t(3). Suppose -h = -10*k + 7. Let v(r) = -2 + 12*r + k + 4 - 4. What is v(1)?
11
Let s = -21 + 18. Suppose 22*u + 40 = 17*u. Let o(a) = -a**2 + 5. Let l(f) = -2*f**2 + 8. Let q(b) = u*o(b) + 5*l(b). Give q(s).
-18
Let r(i) = -i + 13. Let f be r(8). Let j(h) = 4*h**3 + 3*h**2 - h + 1. Let x(q) = 47*q**3 + 42*q**2 - 19*q + 15. Let b(d) = 12*j(d) - x(d). What is b(f)?
7
Let w(z) be the second derivative of -z**5/60 - z**4/6 + 4*z**3/3 + 11*z. Let h(k) be the second derivative of w(k). Let s = 0 + -5. Calculate h(s).
6
Let s(z) = z - 4. Suppose 4*j = -3*c + 164, -5*c = 4*j - 2*j - 292. Suppose -14*x + c = -52. Calculate s(x).
4
Suppose -2 = 2*j - 98. Suppose 6*f - 14*f - j = 0. Let t(a) = -15*a + 29. Let i(m) = -7*m + 14. Let u(c) = f*t(c) + 13*i(c). Determine u(9).
-1
Let p(r) be the first derivative of 19*r**4/4 - r**3/3 + r**2/2 - 1. Let k(y) = -3*y**2 - 429*y - 845. Let h be k(-141). Give p(h).
19
Let n(f) = -11*f + 47 + 23 - 71 - 176 + 33*f. What is n(8)?
-1
Let r be 24/(-10)*(-3 + 4 - 147/42). Let y(o) = -o**2 - 3*o + 35. Give y(r).
-19
Suppose -62*w = -84*w - 88. Let z(b) be the second derivative of b**2 - 2*b - 1/6*b**3 + 0. What is z(w)?
6
Let m(j) = -2*j**2 + 10*j + 29. Let l be m(9). Let n be (238/7 + 3)/1. Let o = l + n. Let h(w) = w**2 + 5*w - 1. Give